Let n(a) = 9504*a**2 - 3349*a + 10. Is n(-11) composite?
True
Suppose -15078 - 23088 = 6*n. Let o = -12 - n. Is o a composite number?
True
Let s be (-1 - (-17 - -14))*(-66145)/(-2). Suppose -8*f + 32439 = -s. Is f a prime number?
True
Let o be (-10*(-6)/(-16))/(6/(-40)). Suppose -26*f = -o*f - 1657. Is f a composite number?
False
Let u be (-17)/34 - (-5)/2. Is 5*2/(-5) - (u + -131) a composite number?
False
Let g(l) = 14624*l + 335. Is g(4) a composite number?
False
Let l(o) = 1083*o - 170. Let b(j) = j. Let n(q) = -6*b(q) + l(q). Is n(7) a prime number?
True
Suppose 118 = 5*u + 113. Is 1/u + 347 + 29 prime?
False
Suppose 10452 = -3*d + l, d + 4*d + 2*l + 17431 = 0. Let n = d + 9730. Is n a prime number?
False
Let h = -14311 + 40914. Is h composite?
True
Let i = -1042 + 1046. Suppose 393 = q - 257. Suppose -q = -i*t + 2538. Is t a prime number?
True
Suppose 2*a - 3 = 3. Suppose 0 = u - 10*w + 5*w + 12, -a*u + 2*w + 16 = 0. Suppose 4182 = -u*n + 14*n. Is n a composite number?
True
Let l = -327 - -476. Suppose -5*t = -l + 44. Suppose -2382 = -t*m + 15*m. Is m a composite number?
False
Suppose 11*q - 49519 = 79192. Suppose 3*h = 28408 - q. Is h composite?
False
Let p be ((-3 + 2161)*1)/(32/112). Let i = -3952 + p. Is i prime?
False
Is (-2)/18 + (-74119360)/(-441) a composite number?
False
Let w(s) = 126*s - 62 - 449*s - 399*s + 53*s. Is w(-7) a composite number?
False
Is 5 + (-1414930)/(-20) + (-15)/(-10) a prime number?
True
Suppose -7*o + 3*p = -5*o - 2518, -p + 3788 = 3*o. Suppose -o = 40*z - 42*z. Suppose -5*h + 1104 + z = 0. Is h a prime number?
True
Let y(n) be the second derivative of -n**4/6 - 25*n**3/6 + 15*n**2/2 + 36*n. Let g be y(-13). Is (137 - 3 - -3) + g a prime number?
True
Suppose 154251 = 249*g - 220*g - 82360. Is g a prime number?
False
Let t(x) = -1804*x - 3. Let n be (-5 + (-4 - -7))*(-2)/(-4). Is t(n) composite?
False
Suppose 4*o + 10528 = -4*s, 6*s = 5*o + s + 13170. Let p = o + 7504. Is p composite?
False
Let l(d) be the first derivative of 2*d**3/3 + 17*d**2/2 + 77*d - 39. Is l(-16) composite?
False
Suppose -38*y = 37*y + 447511 - 10638586. Is y a prime number?
False
Suppose 0 = -140*g + 138*g + 16. Let q(x) = 25*x**2 + x - 47. Is q(g) prime?
False
Suppose 148 = -2*m - 2*a, -3*m + 5*m - 5*a = -169. Let x = m - -81. Suppose -x*q = -3815 - 3197. Is q a prime number?
True
Let n be (-5*(-32)/(-200))/(4/(-10)). Is (4/(-16))/((-4)/2008)*n composite?
False
Suppose 3*b + 223347 = 4*d, -12922 = 4*d - 4*b - 236270. Suppose 3*m + 20 = -2*m, -4*k = 4*m - d. Is k a prime number?
True
Let z be (7 - 8) + (2 - 0). Let d(o) = 5172*o**2 + o - 2. Is d(z) composite?
False
Suppose 0 = 5*h - 25, 9*v - 12*v + 5*h + 408338 = 0. Is v a composite number?
True
Suppose -33*p = -35*p - 37924. Let v = 26623 + p. Is v a composite number?
True
Let o = 96489 + -12656. Is o a prime number?
True
Suppose 5*a + 12544 = 9*a. Suppose 0 = 3*r - 9, -6*r = 4*h - 2*r - a. Is h a prime number?
False
Let o = -42 - -47. Let x(i) = 11*i**3 + 5*i**2 + 3*i + 7. Let y be x(o). Let h = y - 815. Is h prime?
False
Let p(s) = 5*s - 53. Let c be p(13). Is ((244888/c)/7)/((-4)/(-6)) prime?
True
Let s(n) = 15*n - 12*n**2 - 2*n**3 + 14 + n**3 - 6*n - 21*n. Is s(-17) prime?
True
Suppose 2*j - 2*z - 17800 = 9708, 0 = 4*j + z - 55001. Is j prime?
True
Let f be 1 + 4 + 6 + -4 + -2. Suppose -6444 = -d - 3*n + f*n, 3*d + 3*n = 19287. Is d a prime number?
False
Let q(k) = 2217*k + 898. Is q(5) prime?
False
Let m = 271 - 271. Suppose 26*a - a - 127175 = m. Is a a prime number?
True
Let l be (0 - -5) + (-2 - -7) + -2. Is (341/(-3))/(l/(-24)) a prime number?
False
Suppose -15*l + 19*l = -88. Let h be l/(-6) + (-5)/((-45)/(-6)). Suppose 0 = -5*s - h*u + 11194, -2 = -u + 1. Is s a composite number?
False
Suppose -14*c = 36703 - 1883177. Is c prime?
True
Suppose -2*z + 23100 = 5*u - 26247, 74078 = 3*z - 4*u. Is z composite?
True
Suppose 16*r - 21*r - 791439 = -p, 5*r = -2*p + 1582788. Is p composite?
True
Suppose l = 2*w - 107429, 71*l - 69*l = 10. Is w a prime number?
True
Is (-9863870)/(-100) - (-4)/((-200)/(-15)) prime?
True
Let j(x) = x**2 + x + 371. Let p be j(0). Suppose p + 231 = 2*k. Let b = k + 34. Is b prime?
False
Let k(j) be the third derivative of 13*j**5/20 + j**4/3 - 3*j**3/2 + 7*j**2. Suppose 0 = -17*g + 20*g - 12. Is k(g) a composite number?
False
Let p be (20870/40)/((-1)/4 - 0). Let k = p + 3346. Is k a prime number?
True
Let h = 1835 - -2688. Let m(u) = -2*u**3 + u**2 - 6*u + 8. Let y be m(6). Let q = h + y. Is q a composite number?
False
Let k = 67 + -65. Suppose -i - k*i - 2265 = 0. Let a = 23 - i. Is a prime?
False
Suppose 14*y - 795 = -3651. Let n = y - -395. Is n composite?
False
Suppose 12*h = 8*h + 7*h - 165261. Is h a composite number?
True
Suppose -4*m - 2966 = 2614. Let a = m - -2512. Is a a prime number?
True
Suppose -416773 = -3*p + 243218. Is p a prime number?
False
Suppose 16*p + 5048964 = 8*p + 44*p. Is p prime?
True
Suppose -37*h + 3189007 + 31638117 = -16757055. Is h a prime number?
True
Let y = -1302 - -2123. Is y prime?
True
Let f(o) = 1355*o - 353. Is f(24) a prime number?
False
Let m(s) = 2*s**2 + 7*s + 2*s - 27 - s**2. Let r be m(-12). Is 21/(-14)*1/(r/(-5406)) a composite number?
True
Suppose 3*g = -0*g + 9. Let z(c) = 2*c**3 - 5*c**2. Let q be z(g). Suppose q*s - 904 - 2651 = 0. Is s a composite number?
True
Let t(a) = 7*a**2 + 13*a - 22. Let q be t(9). Let j = q - -179. Is j prime?
False
Suppose 49*o + 25211542 = 95*o. Is o a composite number?
True
Suppose -2*v + 10 = 2*t, 5*t + 12*v - 14*v - 11 = 0. Suppose 0 = -0*f + t*f - 2211. Is f a composite number?
True
Suppose 14*f - 12*f + 92 = 0. Let z = 41 + f. Is (z/10)/(1/(-838)) a composite number?
False
Suppose 3*o + 5*w = 17, 3*w + 2*w + 46 = 4*o. Suppose y + 38888 = o*y. Is y composite?
False
Let p = 318 - -19. Let k = p + -116. Is k prime?
False
Suppose 2*s - 451921 = -3*h, -7*s - 15 = -10*s. Is h a prime number?
False
Let v = -35 + 226. Suppose -3*l + 2*n = -289 - 260, -2*n + v = l. Is l prime?
False
Let l = -49 - -53. Suppose -n = -6*n. Suppose n = -3*c + 2*w + 7009, -3704 = -2*c - l*w + 942. Is c a prime number?
True
Let s = 61480 + -20227. Is s a prime number?
False
Suppose 20*c + 34511 = 128331. Is c a prime number?
True
Let h(p) = 1748*p + 20021. Is h(51) prime?
True
Let o = 594965 + -31986. Is o a prime number?
True
Let c be 6/(-4) - -2*(-27)/(-12). Suppose 5*v + 10544 = c*w - 10785, -4*w = -5*v - 28432. Is w a prime number?
True
Is (40884/16)/(-6 - (-3672)/608) a prime number?
False
Let j = 146 + -141. Suppose 10*d - j - 25 = 0. Suppose -137 = -s + 2*g - 8, -d*g - 3 = 0. Is s prime?
True
Suppose q = j - 5*j - 74, -3*q = -5*j + 290. Let i be (-2)/(-10) + 18/q. Suppose o - n - 646 + 164 = i, 0 = 5*o - 4*n - 2407. Is o prime?
True
Is ((-3)/(-4)*2 - 4)*2 + 82392 a composite number?
False
Let f(y) = y**3 - y**2 + 2*y + 5. Let d be f(0). Let z be 1/d + (-644)/70. Is 456/z*-21 - 3 composite?
False
Let p(i) = 1296*i**2 - 22*i - 18. Let b be p(-8). Suppose b = 17*y - 158417. Is y composite?
False
Suppose 0 = 33*z - 36*z - 138. Let i = z + 48. Suppose 2205 = i*x - 605. Is x a prime number?
False
Let i(g) = -358*g + 11. Let t be i(5). Let p(x) = -527177*x. Let o(s) = 593*s. Let u(h) = t*o(h) - 2*p(h). Is u(-1) a prime number?
True
Suppose -38585*j = -38592*j + 817943. Is j composite?
False
Suppose 4*v - 171 + 215 = 0. Let p(i) = -3*i**3 - 8*i**2 - 8*i - 64. Is p(v) composite?
False
Suppose 0 = -s - 4, -131*m = -136*m + s + 189159. Is m composite?
False
Suppose -5*t + 2*a = -2028, -a = -2*t + 656 + 156. Let k = t - -454. Suppose -176 = -2*p + k. Is p prime?
False
Let z = -6 - -26. Suppose -z = -5*h + 5. Suppose 4*o - 2528 = -2*k + 6*k, o = -h*k + 614. Is o a composite number?
True
Let t be ((4/(-5))/((-4)/(-10)))/1. Let f be (t + -1)/(-1 - (-1)/4). Suppose 3*r - 38 = c + f*c, -4*r = 3*c - 99. Is r a composite number?
True
Let r(l) = -244*l**3 - 2*l**2 + 567*l + 4613. Is r(-8) composite?
True
Suppose 4*a - 5*c - 26 - 15 = 0, 5*a + 3*c - 5 = 0. Let f be (2/a)/(11/110). Suppose -s + 3*h = -250, -10 = f*h - 3*h. Is s a prime number?
False
Let i(u) = 0*u + 85 - 49 + u. Let s be i(-18). Is (7036/(-6))/((-3)/s*4) composite?
False
Let a(x) = -x**3 + 22*x**2 + 3*x - 27. Let q be a(22). Let h = -36 + q. S